a) = a**2 - 4*a - 2. Let y be w(r). Let p = y + 7. Give g(p).
6
Suppose -5*p - 17 - 3 = 0, 0 = 2*r + 4*p + 50. Let l(y) = -y**3 - 18*y**2 - 17*y + 3. Give l(r).
3
Let u be (-2)/6 + 11/(-3) + 4. Let s(i) = -i**3 - i**2 - 2*i - 1. What is s(u)?
-1
Let z(l) be the second derivative of -14*l + 1/6*l**3 + 2/3*l**4 + 0 + 0*l**2. Give z(1).
9
Suppose 0 = -15*q + 16*q + 8. Let i(c) = c**2 + 7*c - 4. What is i(q)?
4
Let q(x) = 3*x + 27. Let j be (-2)/23 + 2373/(-483). Determine q(j).
12
Let n(i) = -5 + 0*i - i + 18 + 2*i - 8. Give n(-9).
-4
Let j(n) be the second derivative of -3*n**5/20 - n**2/2 - n. Suppose 16*w = 5*w - 88. Let t be (44/w - -5)/((-2)/4). Calculate j(t).
-4
Let d(u) be the third derivative of u**5/60 + 5*u**4/24 - 3*u**3/2 - 26*u**2 - 2. What is d(-7)?
5
Let h be 15/35 - 85/35. Let b(i) = 2*i - 3. Give b(h).
-7
Let t(l) = -l**2 + 11*l - 30. Let h be t(8). Let v(g) = g**2 + 5*g + 3. Give v(h).
9
Let l(y) = -6*y**2 - 8*y + 2*y**3 - 4*y**3 + 3*y**3 + 7. Let q be l(7). Let d(z) be the first derivative of -z**2/2 - 9*z - 1. Give d(q).
-9
Suppose -5*m = -149 + 354. Let z = 37 + m. Let y(l) = -13*l - 11. Let d(g) = 9*g + 7. Let n(a) = 7*d(a) + 5*y(a). Give n(z).
2
Let l(j) = -19*j**2 - 16*j - 21. Let p(z) = -5*z**2 + 2*z + 1. Let q(f) = l(f) - 4*p(f). Give q(25).
0
Suppose -9 = 5*z - 8*z. Let b(u) = -3 + 3*u + z*u**2 - 2*u**2 + 9 + 4*u. Calculate b(-4).
-6
Let u(s) be the first derivative of s**2/2 + 3*s - 1. Let k(b) = b**2 + 8*b + 4. Let g = 26 + -33. Let n be k(g). Give u(n).
0
Let x(s) = 6*s + 0*s**2 + 1 - 7 + s**2. Suppose 10 = -5*r, -4*r = -4*g + 52 + 4. Let f = 5 - g. Calculate x(f).
1
Let l(m) = 18 + 2*m - 13 - 19. Calculate l(10).
6
Let i(p) be the first derivative of p**5/10 - p**4/24 - p**3/3 + 12*p**2 + 16. Let k(o) be the second derivative of i(o). Determine k(2).
20
Let s(t) = t**3 - 3*t**2 - 5*t + 6. Suppose 0 = -5*z + 10*z. Let k be z - ((-4)/4 - 2). Suppose n - k = x, -2*n - 3*x - 2*x + 13 = 0. Calculate s(n).
2
Let w(g) = -g**3 - 11*g**2 + 11*g - 13. Let x = -1905 - -1893. Determine w(x).
-1
Suppose 0 = 3*s - 5 + 2. Let n(h) = 2*h - 5. Let y be n(s). Let d(p) = -p**3 - 3*p**2 - 5*p - 4. What is d(y)?
11
Let g(c) = 6*c - 7. Let v(r) = -17*r + 18. Let q(a) = 11*g(a) + 4*v(a). What is q(4)?
-13
Let a(o) = 5 - 222*o**3 + 8*o - 248*o**3 + 471*o**3 - 8*o**2. Let y be (-2)/7 + (-102)/(-14). Give a(y).
12
Let d(j) = -7*j - 49. Let i be d(-8). Let x(h) = h - 2. What is x(i)?
5
Let s be ((-3)/(3/(-2)))/(10 - 12). Let b(j) be the first derivative of 1/2*j**2 + 5/3*j**3 + 0*j - 4. Determine b(s).
4
Let j(z) = 8 + 0 - 7*z - 4*z**2 + 5*z**2. Suppose -4*k = 5*m + 20, 4*m - 10 = 3*m + 2*k. Suppose m = d + 5, 0*w - 2*w - 2*d + 2 = 0. Calculate j(w).
2
Suppose -1 = -c - 0*c, -2*j - 4*c = -8. Let x(l) = l**2 + 2*l - 3*l**3 - l**3 + 1 + 3*l**3. Calculate x(j).
1
Let t(j) = j**3 - 3*j**2 - 4*j - 4. Let d(f) = -f**2 - 6*f + 10. Let w be d(4). Let h be (6 + -1)*(-12)/w. Let p be ((-10)/15)/(h/(-12)). Determine t(p).
-4
Let a be (85/(-17))/((-15)/18). Let o(j) = 0*j - 5 + 0*j + j. Determine o(a).
1
Let j(k) = -2*k - 6. Let l(y) = -y**2 - 2*y - 8. Let d be l(0). Let s(t) = -t**2 + 5*t + 17. Let n(u) = d*j(u) - 3*s(u). What is n(-3)?
21
Let k(y) = -y**3 - 8*y**2 + 2*y + 5. Suppose 4*w - 5*r = -7, -17 = -w + 5*r - 0*r. What is k(w)?
-11
Suppose -c + 7*s + 11 = 3*s, 3*s = -3*c - 42. Let b(o) = -4*o - 8. Give b(c).
28
Let l(j) = -j**3 - 4*j**2 + 4*j - 7. Suppose -5*r = 2*q + 15, 3*q + 0*r - 4*r + 11 = 0. What is l(q)?
-2
Let i(f) = -f**2 - 3*f + 7. Let r be (-70)/14*(1 + 0). Let p be i(r). Let o(k) = k**3 + 4*k**2 + 3*k. Let j be o(p). Let n(q) = q + 3. Determine n(j).
3
Let d be (1 + -3)*(-8)/2. Let w(k) = 8*k - 3. Let t(y) = 13*y - 6. Let l(q) = -5*t(q) + 8*w(q). Determine l(d).
-2
Let c(s) be the first derivative of s**4/6 - s**3/3 + s**2/2 + 10*s - 10. Let i(j) be the first derivative of c(j). Give i(2).
5
Let k(w) = -650 + 649 - 3*w - 2*w + 4*w. Determine k(-8).
7
Let b(f) be the second derivative of 7*f**6/360 + f**5/60 + f**4/24 - 7*f**3/6 - 6*f. Let n(d) be the second derivative of b(d). Give n(-1).
6
Let z(n) = -15*n - 7. Let u(i) = i + 1. Let m(y) = -6*u(y) - z(y). Let l(h) = -h. Let t(r) = 2*l(r) + m(r). Give t(-1).
-6
Let t(c) = -3 + c**3 + 298*c - 2 - c**2 - 299*c + 0. What is t(0)?
-5
Suppose -d - 5*k = -8*k + 31, -d + 4*k = 34. Let b(v) = v + 8. Calculate b(d).
-14
Suppose -17*y + 0*y + 136 = 0. Let o(v) = v**3 - 8*v**2 - 6*v + 11. What is o(y)?
-37
Let y(j) = j**2 + j + 1. Suppose 2*f = 11 - 3. Let g(n) = n**3 - 2 + 4*n**2 - 2*n - n**2 + 4*n**2. Let z(i) = f*y(i) - g(i). Calculate z(-4).
-2
Let r(j) be the second derivative of 0*j**3 - 1/720*j**6 + 0 + 0*j**2 - 1/6*j**4 + 1/120*j**5 - 4*j. Let h(a) be the third derivative of r(a). Give h(-6).
7
Let z be 5*(11 + (-364)/35). Let l(a) be the second derivative of -a**3/6 - 3*a**2/2 + a. Determine l(z).
-6
Let x(u) be the second derivative of -2*u**2 - 1/3*u**3 + 1/60*u**5 + 0 + u + 1/8*u**4. Let q(l) be the first derivative of x(l). Determine q(-5).
8
Let b be 24/(-16)*(-4)/3. Suppose -2*w - 2*u = -10, w - 4*u + 0 = -10. Let g be 3 + 0 + (b - w). Let i(a) = a**3 - 2*a**2 - 2*a + 1. Calculate i(g).
4
Let g = -289 + 284. Let d(x) = -3*x - 9. Determine d(g).
6
Let f(i) be the second derivative of -i**6/120 - i**5/60 + i**4/24 + 3*i**2/2 + 6*i. Let o(x) be the first derivative of f(x). Let l = 7 - 7. Determine o(l).
0
Let g(j) = 6*j**2 - 1 - 15*j**2 - 4*j + 8*j**2. Let s be ((-18)/27)/((-2)/(-15)). Calculate g(s).
-6
Let k(x) = 3*x + 10. Suppose 3 = 2*g - 5*g. Let b(i) = -i + 1. Let d(f) = g*k(f) - 2*b(f). Let o = -71 + 66. What is d(o)?
-7
Let x(d) = -3*d + 0*d**3 - 16 - d**3 - 6*d**2 - 10*d - 9*d + 26*d. What is x(-7)?
5
Suppose u - 2*k - k - 3 = 0, 4*k = 0. Let f(c) = 10 - 4*c - c + 4*c - u. What is f(0)?
7
Let w(z) = 3*z**2 + 28*z - 38*z - 6*z**2. Let f be w(-3). Let h(p) = 4*p - 1. What is h(f)?
11
Suppose -2*b + 5*n + 23 = 0, -10*n + 9*n = -5*b. Let m(k) = -45*k**3 + k**2 - 1. Determine m(b).
45
Let g(r) = -r + 3. Let o(d) = -4*d + 36. Let y(x) = 11*x - 107. Let b(n) = -17*o(n) - 6*y(n). Let w be b(-13). Suppose 7 - w = l. Determine g(l).
0
Let y be 3/30 - (-603)/(-30). Let z be (-32)/6*(-30)/y. Let m(o) = -2*o - 11. Determine m(z).
5
Let w(s) = -s + 3. Let m = 88 + 12. Suppose -6*p + 2*p + m = 0. Let q = -30 + p. Determine w(q).
8
Let y(r) = 13*r - 4. Suppose 0 = t + c + 2, 108*c = t + 106*c - 10. What is y(t)?
22
Suppose 0 = -2*w + 4. Let g be 1/w + 10/(-4). Let l(k) = 3*k**2 - 2*k - 2. Let q(x) = 6*x**2 - 5*x - 4. Let i(c) = 9*l(c) - 4*q(c). Give i(g).
6
Let u(a) = a - 6. Let s(w) be the second derivative of w**3/3 - 5*w**2/2 - 7*w. Let x(g) = -4*s(g) + 3*u(g). Calculate x(2).
-8
Let r(n) = 0*n**2 - 5*n**2 - n**2 + 4*n**2 - n**3 + 2*n. Give r(-4).
24
Let j(r) = -r**3 + 5*r**2 + 6*r - 3. Suppose 3*l - 14 = -14. Suppose 10*c - 60 = -l. Give j(c).
-3
Let l = -4 - -6. Suppose -l*k = -4*k + 14. Let c = -9 + k. Let t(f) = -f**3 - 2*f**2 - f + 2. Calculate t(c).
4
Suppose 9 = -5*n + d, 6 = -15*n + 17*n + 2*d. Let s(a) be the second derivative of -7*a**3/6 - a**2/2 - 4*a. Determine s(n).
6
Let n be (-4)/(-6) + 40/30. Let o(d) = -d**2 - 72 + 2*d**n + 75 - 5*d. Calculate o(3).
-3
Let i(z) be the second derivative of z**6/120 - z**5/60 + z**4/24 + 7*z**3/6 - 11*z**2/2 + 2*z. Let y(p) be the first derivative of i(p). Determine y(0).
7
Suppose 0 = 11*h - 21 - 45. Let x(p) be the third derivative of 1/2*p**3 + 1/120*p**6 + 1/60*p**5 + 0*p + 0 - h*p**2 - 1/24*p**4. Determine x(0).
3
Let g(s) = 3*s - 6. Suppose 0*v = 2*u + 4*v - 26, u + 17 = 4*v. Suppose -u*t = -2*k + 6, -2*t = -k - k + 8. Calculate g(k).
12
Let n(o) = -17*o**2 + 30*o + 2. Let a(x) = 3*x**2 - 6*x. Let j(p) = 11*a(p) + 2*n(p). Determine j(-6).
4
Let g(b) be the first derivative of -b**4 - b**3/3 - b**2/2 - 1. Let q be 4 - 10/(5 + 5 + -8). Determine g(q).
4
Let d(l) be the second derivative of -7*l**6/120 + l**5/30 - l**4/24 + 29*l**2/2 - l + 1. Let x(r) be the first derivative of d(r). Determine x(1).
-6
Let c(k) be the second derivative of -3*k**2 - 1/3*k**3 + 0 + 2*k. Suppose -5*p = -9*p - 16. Determine c(p).
2
Let r be (-6)/18*2*36/2. Let t(i) = i**3 + 13*i**2 + 19*i + 79. What is t(r)?
-5
Let u(s) = 3*s**3 - 9*s**2 - 5*s + 5. 